
42
Calculate the remainder when 253 is divided by 16.
13
Calculate the remainder when 32 is divided by 9.
5
Calculate the remainder when 178 is divided by 59.
1
Calculate the remainder when 3461 is divided by 9.
5
Calculate the remainder when 2607 is divided by 16.
15
Calculate the remainder when 1352 is divided by 114.
98
What is the remainder when 18330 is divided by 63?
60
Calculate the remainder when 815 is divided by 270.
5
Calculate the remainder when 1327 is divided by 267.
259
Calculate the remainder when 79 is divided by 10.
9
Calculate the remainder when 1571 is divided by 400.
371
Calculate the remainder when 212 is divided by 36.
32
What is the remainder when 155 is divided by 1?
0
What is the remainder when 73 is divided by 38?
35
Calculate the remainder when 416 is divided by 19.
17
Calculate the remainder when 66 is divided by 28.
10
What is the remainder when 609 is divided by 88?
81
What is the remainder when 75 is divided by 28?
19
Calculate the remainder when 1837 is divided by 20.
17
Calculate the remainder when 46 is divided by 5.
1
What is the remainder when 26 is divided by 11?
4
What is the remainder when 147 is divided by 59?
29
Calculate the remainder when 1798 is divided by 304.
278
What is the remainder when 217 is divided by 55?
52
Calculate the remainder when 1281 is divided by 28.
21
Calculate the remainder when 550 is divided by 72.
46
What is the remainder when 124 is divided by 58?
8
Calculate the remainder when 64 is divided by 61.
3
What is the remainder when 13 is divided by 8?
5
Calculate the remainder when 3299 is divided by 103.
3
What is the remainder when 20 is divided by 15?
5
Calculate the remainder when 135 is divided by 46.
43
Calculate the remainder when 185 is divided by 38.
33
Calculate the remainder when 774 is divided by 189.
18
What is the remainder when 129 is divided by 17?
10
Calculate the remainder when 1589 is divided by 58.
23
Calculate the remainder when 512 is divided by 208.
96
What is the remainder when 102 is divided by 18?
12
Calculate the remainder when 3739 is divided by 250.
239
What is the remainder when 1317 is divided by 48?
21
What is the remainder when 335 is divided by 138?
59
Calculate the remainder when 489 is divided by 14.
13
What is the remainder when 445 is divided by 15?
10
Calculate the remainder when 180 is divided by 61.
58
Calculate the remainder when 160 is divided by 52.
4
Calculate the remainder when 66 is divided by 47.
19
Calculate the remainder when 1015 is divided by 145.
0
Calculate the remainder when 1340 is divided by 3.
2
What is the remainder when 1889 is divided by 126?
125
What is the remainder when 1613 is divided by 130?
53
Calculate the remainder when 83 is divided by 5.
3
What is the remainder when 249 is divided by 25?
24
What is the remainder when 169 is divided by 73?
23
Calculate the remainder when 204 is divided by 23.
20
What is the remainder when 2105 is divided by 525?
5
Calculate the remainder when 280 is divided by 73.
61
What is the remainder when 213 is divided by 9?
6
What is the remainder when 147 is divided by 37?
36
What is the remainder when 146 is divided by 40?
26
What is the remainder when 233 is divided by 28?
9
What is the remainder when 849 is divided by 71?
68
What is the remainder when 88 is divided by 45?
43
What is the remainder when 1994 is divided by 105?
104
What is the remainder when 396 is divided by 203?
193
Calculate the remainder when 158 is divided by 25.
8
Calculate the remainder when 494 is divided by 167.
160
What is the remainder when 1415 is divided by 201?
8
Calculate the remainder when 2069 is divided by 90.
89
Calculate the remainder when 117 is divided by 42.
33
What is the remainder when 241 is divided by 87?
67
Calculate the remainder when 389 is divided by 8.
5
Calculate the remainder when 264 is divided by 65.
4
Calculate the remainder when 243 is divided by 14.
5
Calculate the remainder when 134 is divided by 118.
16
Calculate the remainder when 4560 is divided by 2271.
18
What is the remainder when 286 is divided by 32?
30
Calculate the remainder when 1294 is divided by 26.
20
What is the remainder when 52 is divided by 47?
5
What is the remainder when 219 is divided by 110?
109
Calculate the remainder when 124 is divided by 30.
4
What is the remainder when 105 is divided by 1?
0
What is the remainder when 1017 is divided by 60?
57
What is the remainder when 735 is divided by 347?
41
What is the remainder when 197 is divided by 57?
26
What is the remainder when 3092 is divided by 172?
168
Calculate the remainder when 624 is divided by 25.
24
What is the remainder when 7411 is divided by 218?
217
Calculate the remainder when 562 is divided by 176.
34
What is the remainder when 1003 is divided by 498?
7
Calculate the remainder when 7298 is divided by 100.
98
Calculate the remainder when 318 is divided by 153.
12
What is the remainder when 311 is divided by 24?
23
What is the remainder when 635 is divided by 58?
55
Calculate the remainder when 47 is divided by 12.
11
What is the remainder when 187 is divided by 47?
46
What is the remainder when 138 is divided by 40?
18
Calculate the remainder when 69 is divided by 16.
5
Calculate the remainder when 156 is divided by 56.
44
What is the remainder when 397 is divided by 21?
19
Calculate the remainder when 37 is divided by 4.
1
What is the remainder when 440 is divided by 49?
48
Calculate the remainder when 2135 is divided by 2115.
20
Calculate the remainder when 27 is divided by 22.
5
Calculate the remainder when 1996 is divided by 24.
4
What is the remainder when 1113 is divided by 160?
153
Calculate the remainder when 1747 is divided by 92.
91
What is the remainder when 6549 is divided by 156?
153
What is the remainder when 1174 is divided by 56?
54
What is the remainder when 1699 is divided by 50?
49
Calculate the remainder when 111 is divided by 39.
33
What is the remainder when 14846 is divided by 188?
182
What is the remainder when 161 is divided by 150?
11
What is the remainder when 141 is divided by 71?
70
What is the remainder when 1062 is divided by 88?
6
Calculate the remainder when 1813 is divided by 33.
31
What is the remainder when 268 is divided by 42?
16
What is the remainder when 40 is divided by 11?
7
Calculate the remainder when 21 is divided by 2.
1
Calculate the remainder when 542 is divided by 14.
10
What is the remainder when 213 is divided by 10?
3
What is the remainder when 277 is divided by 62?
29
What is the remainder when 283 is divided by 31?
4
Calculate the remainder when 95 is divided by 13.
4
Calculate the remainder when 88 is divided by 40.
8
What is the remainder when 3672 is divided by 57?
24
Calculate the remainder when 129 is divided by 26.
25
Calculate the remainder when 379 is divided by 32.
27
Calculate the remainder when 4868 is divided by 175.
143
What is the remainder when 112 is divided by 9?
4
What is the remainder when 527 is divided by 19?
14
Calculate the remainder when 4010 is divided by 18.
14
What is the remainder when 4866 is divided by 34?
4
What is the remainder when 1195 is divided by 339?
178
What is the remainder when 159 is divided by 23?
21
Calculate the remainder when 1116 is divided by 546.
24
What is the remainder when 1301 is divided by 316?
37
What is the remainder when 406 is divided by 61?
40
What is the remainder when 3245 is divided by 3235?
10
What is the remainder when 17 is divided by 3?
2
Calculate the remainder when 479 is divided by 40.
39
What is the remainder when 9898 is divided by 45?
43
What is the remainder when 56 is divided by 28?
0
What is the remainder when 289 is divided by 83?
40
What is the remainder when 1916 is divided by 80?
76
What is the remainder when 200 is divided by 14?
4
Calculate the remainder when 567 is divided by 32.
23
Calculate the remainder when 5204 is divided by 1733.
5
Calculate the remainder when 122 is divided by 43.
36
What is the remainder when 191 is divided by 104?
87
What is the remainder when 1054 is divided by 350?
4
What is the remainder when 1183 is divided by 587?
9
What is the remainder when 200 is divided by 24?
8
What is the remainder when 63 is divided by 18?
9
Calculate the remainder when 1012 is divided by 29.
26
Calcula